34. Is k/5 - (-2073)/15 a composite number?
False
Let u(f) be the first derivative of 11*f**2/2 + 15*f + 4. Let x be u(7). Let b = 397 + x. Is b composite?
True
Let w(d) = -28*d - 5. Let x be w(-4). Let t = x + 126. Suppose -f = 2*p - 6*f - 427, 4*f - t = -p. Is p composite?
True
Let k be ((-6)/(-9))/((33/18)/11). Suppose -k*i + 7385 = -x, x - 9238 = -6*i + i. Is i composite?
False
Let k = 451542 + -199303. Is k a prime number?
False
Suppose -4*b - 575 = 5*j, 2*b = 5*j - 6*j - 295. Let i = b - -79. Let q = i + 124. Is q a prime number?
True
Suppose 0 = 4*s - 4*i + 892, -362 = 3*s - 2*i + 304. Let m = 1979 + s. Is m a composite number?
False
Let b = 41144 - 22641. Let v = 27634 - b. Is v a prime number?
False
Let q(y) = -y - 7. Let n be q(-6). Let w be (3/(-2))/(n/(-6)). Let z(b) = b**2 - 7*b - 33. Is z(w) composite?
True
Suppose 17*p + 2994 = 23*p. Let u = 2466 - p. Is u a composite number?
True
Let l = -7 + 17. Suppose -l*w - 1102 = -12*w. Is w prime?
False
Let t(s) = -11*s**2 - 2*s - 1. Let l be t(-1). Is l/(2919/2933 - 1) a prime number?
False
Suppose -5*h + 88 = 4*k, 2*h = -4*k + 4*h + 88. Suppose p = 4*f - 56, 0 = 2*f + p - 3*p - k. Is (18 - 14) + 5*f a prime number?
True
Suppose -26*p + 34*p = 16. Suppose 0 = -p*v - 2*y + 2 + 6, 4 = -4*y. Suppose 2018 = v*o - 4067. Is o prime?
True
Let v = 273367 - -239164. Is v a prime number?
True
Suppose -3*v - 171032 = -4*y, 0 = y + 3*v - 42755 - 18. Is y composite?
True
Suppose 0 = 7*x + 9*x + 36*x - 1885624. Is x composite?
True
Suppose -2*u + 10 + 14 = 0. Suppose -2*t + 5*t = u. Suppose 4*d + 0*d - 744 = -t*x, -379 = -2*d + 5*x. Is d composite?
True
Suppose -5*g - p = 3*p - 13471, g - 2696 = p. Let u = g + -1606. Let c = u - 146. Is c a composite number?
True
Is ((-210)/(-525))/(2/482765) a prime number?
True
Is -7*(-9)/(-315)*-140510 a composite number?
True
Let n be 4*((-3)/(-1) - 36/8). Is -2 - (n/5)/(2/2515) a prime number?
False
Let r be 9/(36/8800) + 5. Let i = -1336 + r. Is i a composite number?
True
Let o be (-18)/(-24) - (-18)/(-24). Suppose o = 10*m - 31511 - 11759. Is m prime?
True
Let j(k) = 28*k**2 - 16*k + 2. Suppose 2*x - n + 2*n - 52 = 0, 0 = -2*n + 8. Suppose y - x = -17. Is j(y) a composite number?
True
Let n(s) = 106*s**3 + 2*s - 5. Suppose 0 = 2*l - 5*b + 14, -2*l - 3*b + 4 + 14 = 0. Suppose -14 + 5 = -l*t. Is n(t) prime?
False
Let u(v) = -526*v - 4 + 1864*v + 759*v + 1948*v. Let q be u(-1). Let s = -2686 - q. Is s prime?
False
Suppose 8*x - 76*x + 1575382 + 394102 = 0. Is x a prime number?
False
Is (-295)/236 - (-10181)/4 - (-14)/2 composite?
False
Let x be (-10)/(-2) + 9/((-27)/6). Suppose 2*b - 4401 = -x*d, -b + 0*d = 5*d - 2204. Is b a prime number?
False
Let a = 32 - 30. Let p be (6/2)/(a/(-2)). Is (-4 - -2964)/2 + p a prime number?
False
Let f(t) = 15*t**2 - 146*t + 477. Is f(40) composite?
False
Suppose -49 = -4*w - 37. Suppose -2*m + 82 = -3*y, w*m + 39 - 188 = -2*y. Suppose -4541 = -4*x + m. Is x prime?
False
Let c = -372 + 377. Suppose -2*p + 1135 = c*o - 2966, 5*o - 10290 = -5*p. Is p composite?
False
Suppose 11*r - 5369 = 32. Let z = r + 192. Is z a composite number?
False
Suppose -3*y + 2*y - w + 9 = 0, 2*y - 23 = -3*w. Suppose -y*g - 2*g = -5*g. Suppose 3*u + 2*u + 2*j - 21963 = g, -4*j - 8766 = -2*u. Is u a prime number?
True
Let i(a) = 3*a - 17. Let o be i(4). Let c = -6 - o. Is c/2 + (-7358)/(-4) composite?
True
Suppose -2*z = -f + 14, -6*z + 2*z = 20. Let g be (6 - -4)*6/5. Suppose -f*c - 74312 = -g*c. Is c composite?
True
Suppose 0 = -34*r + 154393 + 785401. Is r composite?
True
Is ((-211398)/132)/((-2)/356) a composite number?
True
Let m(j) = 70439*j - 4902. Is m(7) a prime number?
True
Let x be (-3)/(-5) + (-22)/(-5). Let q(z) be the third derivative of 23*z**5/60 - 5*z**4/24 + 7*z**3/6 - 21*z**2 - 2. Is q(x) a composite number?
False
Suppose -u + 5*w + 9 = -7, 5*w + 52 = -3*u. Let v be (-27 + -14)/((-1)/u). Let z = 500 - v. Is z a composite number?
True
Let c = 361387 - 132014. Is c a composite number?
False
Let w(f) = -134*f**2 + 26*f + 137. Let o be w(-7). Let r = o + 9505. Is r a composite number?
True
Suppose 0 = 1632*w - 1642*w + 300. Let p = -9 - 6. Let m = p + w. Is m a prime number?
False
Let k(b) = -b**3 - 34*b**2 - 95*b + 135. Is k(-38) composite?
False
Suppose 5*w - 3680842 = 538*i - 535*i, -i = -2*w + 1472337. Is w composite?
True
Let o(r) = -106*r - 42. Let j be o(-5). Suppose -b + 543 = -j. Is b a composite number?
False
Suppose -p = -5*p - 8, 4*p = -2*l + 240. Is (-1)/2 - (-599850)/l a composite number?
True
Is 9/(-51) - (-11546)/17 a composite number?
True
Let p be 10/(10/(-2))*(-3)/2. Is 6997 - (5 + p + -10) prime?
False
Let c = -3100 - -5626. Let m = c - -2513. Is m composite?
False
Suppose -177*s = -109*s - 1201628. Is s prime?
False
Suppose 0 = -2*t + 8*t - 1470. Let a(y) = 235*y + t*y + 369*y - 101*y - 13. Is a(2) a composite number?
False
Let u(q) = 51*q**2 - 54*q - 10. Is u(-13) prime?
True
Suppose 0 = -2*v - 3*d + 40, 16*v - 11*v - 2*d = 81. Suppose -6291 = -v*h + 25652. Is h prime?
True
Is (-224984)/(-56)*((-9)/(-12) + 100/16) a prime number?
True
Suppose 0 = -7*t + 4*t - 801. Let l = -982 - t. Let o = l + 1008. Is o a prime number?
True
Let f be (30/(-9))/(84/(-18) - -4). Suppose -p + 22408 = f*q, 3*q - 5*p - 13428 = -0*p. Is q prime?
True
Suppose -11*u + 13983 - 1729 = 0. Suppose 3*d + 876 = 4*k, -d + u = 7*k - 2*k. Suppose -7*i + 1111 = k. Is i composite?
False
Let v(j) = 198*j - 443. Is v(39) composite?
True
Let z be ((-52)/8 + 7)*4. Suppose -2*w + n = -2520, -z*w + 1177 + 1335 = -3*n. Is w prime?
False
Suppose 2*p - 61 = -1. Let x(v) be the first derivative of -v**3/3 + 37*v**2/2 - 23*v + 2. Is x(p) composite?
True
Suppose 35*i + 223458 = 16*i + 25*i. Is i prime?
True
Let a be 12/((-2028)/(-3332485)) + 4/26. Is ((-833)/(-91) - 9) + a/13 composite?
True
Let l(g) = 24*g + 7. Suppose 5*d + 22 = 242. Suppose 3*r = -n + 29 - 4, 4*n = 4*r - d. Is l(r) prime?
True
Suppose 2*u + 8 = 0, 0 = -3*c - 32*u + 30*u + 202066. Is c prime?
False
Is -10*2/(-10) + (-201972)/(-4) a composite number?
True
Let q = -527 - -526. Is (q/(-2))/((-11)/(-4378)) composite?
False
Suppose 447 - 120 = 3*a. Suppose 3*v - 52997 = -2*t, -a*v = -110*v - 5*t + 17644. Is v composite?
False
Let z be 372 + -1 - 6/18*-6. Let c = z - 884. Let g = c - -920. Is g composite?
False
Is 3 + (-75)/21 - (-3637494)/49 composite?
True
Let t(v) = -622*v - 200. Let g be t(3). Let m be 2953*1/(1 - 0). Let u = g + m. Is u prime?
True
Suppose 5*v + 401 = 451. Suppose 3*u = 5*h + 13715, -9142 = -2*u + 5*h - 2*h. Suppose -x = v*x - u. Is x a composite number?
True
Let o(q) = -20*q - 47. Suppose -2*d - 144 = -116. Is o(d) a prime number?
True
Suppose -t - 6 + 3 = 2*v, -4*t = 4*v - 4. Suppose 5*j + 4*a - 2154 = 1253, 4*j + t*a - 2731 = 0. Is j a composite number?
True
Let l be 10/75 + (-16)/120. Suppose l = -4*g + r + 14562 + 18326, -32900 = -4*g - 2*r. Is g composite?
True
Suppose -1687 = -2*c + 875. Suppose -2*p - c = 1725. Let w = -442 - p. Is w a composite number?
False
Let p be (0 - (-6)/(-8))/(28/(-7280)). Suppose -4*j - a + 4243 = 0, -j + 5*a = -871 - p. Is j prime?
True
Suppose 7603 = l - 2*z, 4*l - 8*z - 30462 = -10*z. Is l prime?
False
Suppose 24536 = 2*q - 720. Let g = q - 8739. Is g a prime number?
True
Is -3*(4 - (5 - 1782340/(-21))) a composite number?
False
Suppose 139*k - 2870728 = 3487549. Is k composite?
True
Let z be (2 - 0) + (8 - 10). Suppose -2*y - t + 1290 = -4845, 2*t - 2 = z. Is y a prime number?
True
Let o(b) = b**3 + 13*b**2 - 14*b + 305. Is o(26) composite?
True
Suppose 21*l - 16*l + 88950 = 0. Is (l/(-90))/((-10)/(-9) - 1) a composite number?
True
Let t be 3*(0 + 1*(5 + 28)). Suppose -t*l = -119*l + 105860. Is l composite?
True
Suppose -u - 3*u = 3*z - 29, -24 = -3*u - 3*z. Suppose 5*l - u = 5. Suppose -4*c + 5*v = -2632, -l*c - 3*v + 391 = -903. Is c a prime number?
True
Suppose 0*r + 1324433 = 2*r + 17*r. Is r composite?
True
Let k = 40176 + -23165. Is k prime?
True
Suppose -3*i + 0*h - 3*h + 24837 = 0, i - 8276 = -2*h. Let v = 12451 - i. Is v a composite number?
True
Let a = 58850 + -24696. Let d = 49921 - a. Is d a composite number?
False
Let i = 40 + -37. Suppose -2*s + 5*a = -3209, -i*a - 3 = 6. Is s composite?
False
Let j = -604 - -596. Let n(d) = 